by j?
28
Let j = 9383 + -9329. What is the remainder when 5181 is divided by j?
51
Let c(i) = 87*i - 3. Let u be 4/2 + (6 - 6) - -369. Let m = -328 + u. What is the remainder when c(2) is divided by m?
42
Suppose 5*l - 4*h = -22766, -2*l + 4*h - 1305 = 7799. Let u = -373 - -376. What is the remainder when 1/(-4) - l/72 is divided by u?
0
Calculate the remainder when 13183 is divided by 12/(-1)*1*(11 + 708/(-48)).
43
Suppose -420 = -4*n - 7*c + 4*c, -n = 3*c - 87. What is the remainder when n is divided by 26?
7
Suppose 2*y - 3*a = -y + 11865, -a = 2*y - 7916. What is the remainder when y is divided by 15?
12
Suppose 0 = -m - 4*q + 3*q + 3, -2*m - 3*q + 6 = 0. Let v(b) = b**3 - 9*b**2 - 80*b + 534. Calculate the remainder when v(5) is divided by m.
1
Let o(w) = -w**2 + 21*w + 4. What is the remainder when o(10) is divided by (-4)/(-2) + (25 - -2)?
27
Let k be (-84)/147 + (-470)/(-14). Let f = 39 - k. What is the remainder when 37 is divided by (-9 + 2 - (-6 + f))*-2?
9
Let v(r) = -r**3 + 19*r**2 + 2*r - 33. Let o be v(19). What is the remainder when 111 is divided by 39/((-11 + o)/(-6))?
33
Let q = -267 - -344. Suppose -58*c = -57*c - q. Calculate the remainder when c is divided by 5.
2
Suppose 459 = j + 2*j. Let c = 180546 + -180507. What is the remainder when j is divided by c?
36
Suppose -42*l = -5788 + 4696. Calculate the remainder when 232*(-2)/(-2) - 0 is divided by l.
24
Let q(d) = 3*d**2 + 16*d + 11. Let f be q(-5). Let a be (-3*f)/(26/(-208)). Let o = a + -107. Calculate the remainder when o is divided by 14.
9
Suppose 4*s - 24 = 2*s. Suppose 10*v + 2*v + 26*v - 2584 = 0. What is the remainder when v is divided by s?
8
Let w(m) = 5*m + 122. Suppose 7 = 5*h + 4*u + 19, -4*h = -4*u - 12. What is the remainder when w(h) is divided by 18?
14
Suppose -35*w = -34*w - 2. Suppose 422 = -w*m + 1280. What is the remainder when m is divided by 12?
9
Let x = -1826 - -2005. What is the remainder when x is divided by 52?
23
Let d = 18433 + -18192. What is the remainder when 705 is divided by d?
223
Suppose 5*d + 5*n - 85 = 4*d, 2*d - 188 = -n. Suppose -5*k - 10 - 25 = -5*s, -3*s = -5*k - 27. What is the remainder when d is divided by k*(-4)/16*32?
23
Let k = 117 + -299. Let m = -111 - k. What is the remainder when m is divided by 20?
11
Let x = -2365 + 2434. Calculate the remainder when 1099 is divided by x.
64
Let y(x) = -x**3 - 5*x**2 - 5*x + 6. Let f be y(-3). Suppose g - 388 = -3*g + 4*b, -f*g + 279 = b. Calculate the remainder when g is divided by 12.
10
Let w be (8 - 3)/1 - 34. Suppose -4*y + 188 = 4*l, -3*y + 2 = -1. Let r = w + l. What is the remainder when r is divided by 9?
8
Let a(i) = 2*i**2 - 3*i - 15. Let q be a(-3). Suppose 7*f = q*f - 1195. Let z = f - 142. Calculate the remainder when z is divided by 26.
19
Let a = 44 - -3. Suppose 4*z + 37 = 4*p + p, -5*p = z - a. Suppose 5*f - 2*f + p = c, c + 4*f - 37 = 0. Calculate the remainder when 40 is divided by c.
19
Let j(k) = 104*k**2 - 53*k**2 + 7*k - 50*k**2 + 39. What is the remainder when j(-12) is divided by 25?
24
Suppose 81*h - 1078 - 371 = 18*h. Calculate the remainder when 798 is divided by h.
16
Suppose -567 + 546 = -3*s. What is the remainder when 564 is divided by s?
4
Let w(q) = -1247*q + 11461. What is the remainder when 619 is divided by w(9)?
143
Let i(t) = -t**3 + 17*t**2 - 29*t + 5. Suppose -2*q - 46 + 42 = 0. Let s = 38 + q. What is the remainder when s is divided by i(15)?
16
Let y(j) = 10 + 9 - 4 + 80*j + 0 - 32*j. Calculate the remainder when y(6) is divided by 9.
6
What is the remainder when -2 + 936 - (-9 - (-30 + 20)) is divided by 135?
123
Let i be ((-25)/(-10) - (-3)/(-2))*259. Suppose 5*v - 289 + i = 0. What is the remainder when 134 is divided by v?
2
Let y = -120 + 220. Suppose -5*t + y = 20. Suppose -3*f = f - 12. What is the remainder when t is divided by f?
1
Let c(d) = d**3 - 2*d**2 - 2*d + 6. Let p be (-2)/1*2/4*-2. Calculate the remainder when 113/p - ((-18)/12 - -1) is divided by c(4).
27
Suppose -2*r = -7*r + 20. Suppose 3*i - 25 = -2*n, -r*i = -5*i + 2*n - 5. Suppose 0 = -17*u - 9*u + 494. Calculate the remainder when u is divided by i.
4
Let w(u) = -5*u - 5. Suppose 2*p + 20 - 12 = 0. What is the remainder when 37 is divided by w(p)?
7
Suppose 5*y + 5 = -2*z, -5*z + 1 = -2*y - 1. Suppose -2*x + 7*x - 5*w - 100 = z, -3*x + 55 = 2*w. What is the remainder when 302 is divided by x?
17
Let f(x) = x**3 - 23*x**2 - 18*x + 185. What is the remainder when 522 is divided by f(24)?
193
Let h(y) = y**3 - 6*y**2 - 14*y - 6. Suppose 5*f = 4*w - 312, -w - 4*w + 369 = -f. Suppose -4*d + w = -315. What is the remainder when d is divided by h(8)?
7
Let s = 1 - -2. Suppose -s*z = 4*w - 189, w = 3*w - 4*z - 78. Calculate the remainder when w is divided by 22/2 - (0/(-2) + -1).
9
Let k = -223 - -233. Suppose 0 = -5*j + 3*p + 57, 0 = 5*j - k*p + 5*p - 55. Suppose -40 = -0*a - 2*a. Calculate the remainder when a is divided by j.
8
Let y(k) = -52*k + 4*k**2 + 146*k + 20 - 63*k - 61*k. What is the remainder when y(10) is divided by 28?
8
Suppose 27*f - 2*t - 229 = 22*f, -4*f + 191 = t. Calculate the remainder when 128 is divided by f.
34
What is the remainder when 7297 is divided by (-1845)/10*(-76)/171?
81
Let u = 21 + -77. Suppose -3*p + 0*p + 203 = i, -349 = -5*p + i. Let r = p + u. What is the remainder when r is divided by 4?
1
Let n = -93 - -77. Let u(w) = 2*w**2 + 31*w - 1. What is the remainder when 46 is divided by u(n)?
1
Let d = 7156 - 6424. Calculate the remainder when d is divided by 67.
62
Suppose -u + 2*u = 101. Let f be (((-28)/(-8))/(-7))/((-10)/(-8860)). Let j = f - -478. What is the remainder when u is divided by j?
31
Let s = 5410 - 5353. Calculate the remainder when 1310 is divided by s.
56
Let h(k) = 2*k**3 + 13*k**2 + 3*k + 9. Suppose -6*t = -4*t - 22. What is the remainder when h(-5) is divided by t?
3
Let u(h) = -h**2 + 6*h + 9. Let b be u(7). Suppose 0 = 2*q - 4*f - 26, 0 = q + b*f - 24 - 1. Let k = 49 - q. Calculate the remainder when k is divided by 11.
8
Suppose -472849 + 471510 = -13*r. Calculate the remainder when 1821 is divided by r.
70
Suppose 17*b - 47 = 2809. Calculate the remainder when 1003 is divided by b.
163
Let v = -499 + 1532. Calculate the remainder when v is divided by 149.
139
Suppose -4*s + 164 = -2*l, 3*l = 5*s - 54 - 152. What is the remainder when 86 is divided by s?
6
Suppose -32*d + 96 + 2760 = 24*d. What is the remainder when d is divided by 17?
0
Let j(y) = -19*y + 9*y - 2 + 9*y - 6. What is the remainder when (-3)/18 + (-134)/(-12) is divided by j(-13)?
1
Suppose -134 = -2*j + 2*g, 4*g + 334 = j + 4*j. Suppose 0 = 5*s - 616 - 129. Suppose 0 = -9*u + 58 + s. Calculate the remainder when j is divided by u.
20
Let p = 1448 - 1381. Calculate the remainder when (-134)/(-1) - (1 - 0) is divided by p.
66
Let v(a) = -5*a**3 - a**2 - a - 4. Let z(x) = -x**3 + 12*x**2 + 47*x - 9. Calculate the remainder when v(-2) is divided by z(15).
13
Let a = -50 + 53. Suppose -6*s + 423 = a*s. Let l = s - 28. What is the remainder when l is divided by 7?
5
Let p be 364/12 + 1/(-3). Suppose 32*f = 29*f + p. Let c = f + 10. What is the remainder when c is divided by 3?
2
Suppose -2*q + 66 = -62. Let p(t) = -t**3 + 19*t**2 - 79*t + 149. What is the remainder when q is divided by p(14)?
18
Calculate the remainder when (444/(-259))/((-2)/147) is divided by 28.
14
Suppose -63901 - 41018 = -150*p + 161781. What is the remainder when p is divided by 22?
18
What is the remainder when 862 + (-7 - 280/(-80)*(-12)/(-7)) is divided by 94?
15
What is the remainder when 283 is divided by 183/61*(4/(-5))/(18/(-705))?
1
Let t = 136 + -74. Let k = -5 + t. Let c = k + -46. Calculate the remainder when c is divided by 2.
1
Let q(r) = 76*r + 663. Calculate the remainder when q(-7) is divided by 26.
1
Suppose -10900 = 110*v + 103*v - 67132. Calculate the remainder when v is divided by 120.
24
Calculate the remainder when 4 + 2685/55 + (2 - (-140)/(-77)) is divided by 6*(-1 + 2)*1.
5
Let i = -45 + 190. Suppose 5*x = f + 244, 2*f = x - 0*x - 47. Calculate the remainder when i is divided by x.
47
Let f = 828 - 598. Suppose -x + 26 = -3*p, f = 3*x + 2*x + 5*p. What is the remainder when 111 is divided by x?
29
Suppose g + 3*g = 188. Calculate the remainder when